en 54 is divided by m?
2
Suppose 4*b - 23 = -11. Let u = b - -24. Suppose -4*v + 22 = 2*q - 0*q, -q + u = -2*v. Calculate the remainder when 37 is divided by q.
18
Let v = 31921 + -31907. Suppose n + 0 - 9 = 0. What is the remainder when v is divided by n?
5
Suppose -162 = 4*w - 5*b, -w = -4*w - b - 112. Let n(d) = 5*d**2 - 4*d + 9. Let i be n(3). Let k = i + w. Calculate the remainder when 26 is divided by k.
2
Let t = -12 + 16. Suppose t*w - p - 33 = 192, 0 = w - 3*p - 48. Calculate the remainder when 109 is divided by w.
52
Suppose -9*c + 1368 = -1602. Calculate the remainder when c is divided by 86.
72
Let l(t) = t + 57. Let x be l(-14). Suppose 0*a = 5*a - 3*w - x, 5*a - w - 41 = 0. Calculate the remainder when 21 - (-3 + 2)*-1 is divided by a.
4
Let v(k) = 2*k**2 - 12*k - 21. Let h be v(-2). Suppose 31 = d + h. What is the remainder when 39 is divided by d?
19
Let y = -3617 - -12442. Calculate the remainder when y is divided by 81.
77
Suppose 181 = 5*i - 29. What is the remainder when 293 is divided by i?
41
Let q(u) = u**3 + 17*u**2 + 11*u - 57. What is the remainder when 379 is divided by q(-16)?
11
Let c = 249 + -152. What is the remainder when 625 is divided by c?
43
Let b(w) = -9*w**2 + 3*w + 6. Let j(m) = -25*m**2 + 9*m + 18. Let f(q) = 11*b(q) - 4*j(q). What is the remainder when 23 is divided by f(6)?
11
Let y = -146 - -156. Suppose -b + y = 2. Calculate the remainder when 36 is divided by b.
4
Suppose 2*k = 4*l + 54, l = k + 5*l - 27. Let g(v) = v**2 + v + 27. Let o be ((-36)/27)/(5/45). Calculate the remainder when g(o) is divided by k.
24
Let k = -508 - -1178. Suppose -7*q + 3*q - w = -k, 5*q + 5*w - 845 = 0. What is the remainder when q is divided by 21?
20
Let p(y) = -2 - y**2 - 9*y**2 + y**3 + 6*y**2 - 12*y - 1. Let o be p(6). Let n(b) = b**2 + b + 5. What is the remainder when n(o) is divided by 3?
2
Let r(l) = -l**3 + 8*l**2 + 12*l - 10. Let g = -129 + 89. Let n = g + 84. Calculate the remainder when r(8) is divided by n.
42
Let j be -2*(-6 - 312/16). Suppose -10*l + 241 - j = 0. What is the remainder when 317 is divided by l?
13
Let j = -5754 + 5758. Calculate the remainder when 8 is divided by j.
0
Let r(a) = 9*a**2 + 69*a - 691. Calculate the remainder when r(9) is divided by 38.
13
Let i(z) = z + 3 - 8 + 4 + 2*z**2. Let l be i(1). Suppose l*t - 16 = -6. What is the remainder when 28 is divided by t?
3
Suppose -22*w + 341 = -11*w. Let p = -149 - -230. Suppose -p = -4*b - 5*b. What is the remainder when w is divided by b?
4
Let l(p) = 2*p**3 - 33*p**2 + 119*p + 7. What is the remainder when l(4) is divided by 2?
1
Let g be 13 + -11 - (-35)/(-1). Let l = 35 + g. Suppose -l*q = -0 - 2. Calculate the remainder when q is divided by 1.
0
Let r be ((-3)/2)/(8/(-112)). Suppose 0 = 7*f - r*f + 672. Let c(n) = 4*n**2 - n - 1. What is the remainder when f is divided by c(2)?
9
Let c = -11145 - -11163. Calculate the remainder when 19456 is divided by c.
16
What is the remainder when (546/30)/(2/10) is divided by 12/10 - ((-396)/20 - -13)?
3
Suppose 87 = 4*u - 45. Suppose -5*g = 2*c + c - 26, -5*c + 2*g + u = 0. Calculate the remainder when 15 is divided by c.
1
Suppose 0 = 5*z + 6*z - 1287. Let q(p) = -p**2 + 13*p - 17. What is the remainder when z is divided by q(7)?
17
Let c(u) = 3*u**2 - 6*u - 24. Suppose 3*g + 3*f = 4*g - 4, 2*g = -5*f - 47. What is the remainder when c(g) is divided by 29?
28
What is the remainder when 392 is divided by 2/22*(15 + 40)?
2
Let x(n) = n**2 + 5*n + 31. Let w be x(-11). Let d = w - -65. Calculate the remainder when d is divided by 29.
17
Suppose 107 = u - 3*s, 3*u = -4*s + 291 + 30. Calculate the remainder when u is divided by 66.
41
Let w be 3/(0 - ((-9)/309)/1). Let a = w - 86. Calculate the remainder when a is divided by (2 + -10 + 2)/(-1).
5
What is the remainder when 25/(-40) + 167*2227/136 is divided by 74?
70
Let l = -3589 - -3820. What is the remainder when l is divided by 81?
69
Suppose 5338*j = 5264*j + 12358. Calculate the remainder when 227 is divided by j.
60
Let v(d) = 150*d + 1136. Calculate the remainder when v(-4) is divided by 49.
46
Suppose -1958 = -2*z - 9*z. Calculate the remainder when z is divided by (-63 - -62) + (-61)/((-2)/2).
58
Suppose -2*c = -45 - 83. Let i(z) = 254*z + 7141. What is the remainder when c is divided by i(-28)?
6
Suppose 14 = -4*i + 718. What is the remainder when 91 is divided by i/22 - (-3 - 37)?
43
Let v be (3 - -48)*1/3. Let m(d) = 8*d + v - 3*d - 19 + 5*d**2. What is the remainder when 138 is divided by m(-3)?
26
Let t(i) = 13*i**3 + i**2 - 1. Let v be (-15)/(-25) - (1402/(-5) - 4). What is the remainder when t(1) is divided by v/33 - (-284)/781?
4
Let u = 626 + -59. Suppose 5*c - q - u = 138, 2*q - 152 = -c. Let p(o) = 4*o**2 - 48*o + 18. What is the remainder when c is divided by p(12)?
16
Suppose 0 = 5*r + 101 + 189. Let t = r - -81. Suppose -c - 5*v + 105 = 0, 2*c + 5*v - 148 = 47. What is the remainder when c is divided by t?
21
Let x = 11496 - 11473. What is the remainder when 440 is divided by x?
3
Suppose 3*b = 2*b + s + 250, -736 = -3*b - 4*s. Suppose -o + 2*z + b = 7*z, -4*z = 16. What is the remainder when o is divided by 15?
13
Suppose 2*b = 5*p - 85, -50*p + 49*p = -3*b - 30. Calculate the remainder when 46 is divided by p.
1
Suppose -5*w + 15*w = -2860. Let q = -24 - w. Calculate the remainder when q is divided by 88.
86
Let u(p) = -8*p + 203. Let g be u(-12). Suppose -5*b = 54 - g. Calculate the remainder when b is divided by 14.
7
Calculate the remainder when (-495450)/(-1101) - (-1 - (-2 - -1 - 2)) is divided by 15.
13
Let y(v) = 81*v - 1352. Calculate the remainder when 862 is divided by y(17).
12
Let j(k) = 4*k**2 - 52*k - 28. Let i be j(15). Let q = -45 + i. What is the remainder when q is divided by 12?
11
Let k = 27682 - 26674. What is the remainder when k is divided by 30?
18
Let h(m) = -12*m**2 - 211*m - 59. Let x(t) = -t**2 + 2*t + 6. Let c be x(-5). Let p = -13 - c. Calculate the remainder when h(-17) is divided by p.
12
Let w(v) = 6*v + 43. Let l be w(-3). Calculate the remainder when 169 is divided by l - 32 - (0 + -35).
1
Let p be (-6)/(-9)*-3 - -2. Suppose p = 4*k - 281 - 479. Suppose 3*z = z + k. What is the remainder when z is divided by 32?
31
Suppose -3*w = 2*j - 47, -34 = -2*w - 0*w - 4*j. Let z = -8 - -24. Suppose -z*y = -5*y - 319. Calculate the remainder when y is divided by w.
14
Suppose -3*z + 122 = -4*w, 17*z - 159 = 13*z + 5*w. Let v = 11 + 7. Calculate the remainder when z is divided by v.
8
Suppose -5*w + 12 = -198. Suppose -47*p + w*p = -340. Calculate the remainder when p is divided by 23.
22
Let u = 417 - 412. Suppose 2*d - 2*i - 114 = 0, 284 = u*d - 8*i + 4*i. What is the remainder when 726 is divided by d?
54
Suppose 60*t + 57*t + 5676 = 128*t. What is the remainder when t is divided by 13?
9
Let z = 26109 - -23553. What is the remainder when z is divided by 215?
212
Suppose 21 + 4 = -5*n, -130 = 5*w + 3*n. Let c(f) = -2*f - 36. Let d(g) = g**3 - 7*g**2 + 2*g - 1. Calculate the remainder when d(7) is divided by c(w).
3
Let s(y) = -1083*y + 112. What is the remainder when s(0) is divided by 64?
48
Let r = -20 + 68. Let x = r + -44. Suppose 3*w - 151 = 2*v, -5*v - x - 6 = 0. Calculate the remainder when w is divided by 10.
9
Let h be 1 - (2 - (3 - 4)). Let f = 2 + h. Suppose f = 5*g - 50 - 45. Calculate the remainder when g is divided by 5.
4
Let s be (-4)/(-14)*(43 + -22). Let x(l) = 3*l**2 - 7*l - 14. Let i be x(s). Let z = i + -48. Calculate the remainder when 12 is divided by z.
0
Suppose 5*h - 26 = -2*j, h + 8 = 4*j - 0*h. Suppose 10*f - 15 = -j*w + 13*f, -4*f + 7 = -w. Calculate the remainder when 790 is divided by w.
7
Suppose 9*d - 538 = -34. Let s = d - 24. Suppose 3*o - 4*q - 55 = 0, -2*o + 3*q - 15 = -52. What is the remainder when s is divided by o?
15
Let c be 234/2 - (-2)/(-6)*-3. Suppose 5*s + t + c = 10, 0 = 2*s + 4*t + 36. Let x = 41 + s. What is the remainder when 35 is divided by x?
16
Calculate the remainder when 4*(-22)/(-33) - 20127/(-9) is divided by 38.
35
Let y(m) = -12*m + 2. What is the remainder when y(-2) is divided by 4/14 - (-35)/((-1225)/(-410))?
2
Suppose 5*x - 2*n - 282 = 0, 22 = 2*x - n - 91. Let f = x + -54. Suppose -3*m - 3*t = t - 168, -f*t + 266 = 5*m. What is